616551 prime?
True
Is 140513617 prime?
True
Is 7504071799 a composite number?
True
Is 129449602 composite?
True
Is 1204061617 prime?
False
Is 4824935477 composite?
False
Is 175184935 a composite number?
True
Is 647411893 a composite number?
False
Is 1224040039 a composite number?
False
Is 1045078049 prime?
True
Is 125704668001 a composite number?
True
Is 6754318793 composite?
True
Is 4811523851 composite?
False
Is 21077613539 prime?
False
Is 1102514129 a prime number?
False
Is 14035464541 a composite number?
True
Is 1219599281 prime?
True
Is 1639920397 a composite number?
True
Is 118964257303 composite?
False
Is 89323589 prime?
False
Is 647232241 composite?
True
Is 10478317921 composite?
False
Is 236704711 composite?
True
Is 4351612277 composite?
True
Is 22203996833 a composite number?
True
Is 22242918547 a prime number?
True
Is 580876789 prime?
True
Is 23379839053 composite?
True
Is 524767003 prime?
True
Is 3368738449 prime?
True
Is 61564961 a composite number?
False
Is 2658917383 a composite number?
False
Is 180389993321 prime?
True
Is 1847739067 a prime number?
False
Is 35904099731 composite?
False
Is 37548794123 a prime number?
False
Is 764068031 composite?
False
Is 167503001389 prime?
False
Is 326366758 composite?
True
Is 23710190477 composite?
False
Is 5856432917 composite?
True
Is 58128287143 a composite number?
False
Is 7549227083 composite?
False
Is 3664284707 prime?
False
Is 68402058353 composite?
False
Is 18600349771 prime?
True
Is 3918817417 a prime number?
True
Is 712002073 prime?
True
Is 10846602887 composite?
False
Is 815074789 composite?
False
Is 8033535259 prime?
False
Is 2413038767 prime?
False
Is 60128736205 prime?
False
Is 564433223 a composite number?
False
Is 8129856037 a composite number?
False
Is 7279683811 composite?
True
Is 128253913 a prime number?
False
Is 1127534711 composite?
False
Is 1356492359 composite?
True
Is 9753295922 a composite number?
True
Is 4752920287 a prime number?
False
Is 3969794303 composite?
False
Is 3436137191 a prime number?
True
Is 1434288733 a prime number?
True
Is 644924029 a composite number?
False
Is 31283952643 a prime number?
False
Is 8161641113 a prime number?
False
Is 7159415399 composite?
False
Is 1280717567 composite?
False
Is 1122480503 composite?
False
Is 20732521829 a prime number?
True
Is 75232084703 a prime number?
True
Is 17662071529 prime?
True
Is 13053470099 a prime number?
True
Is 1687474733 a prime number?
False
Is 3346266107 composite?
False
Is 8266823861 a prime number?
True
Is 350429621 prime?
True
Is 61225686339 a prime number?
False
Is 3706608623 a prime number?
True
Is 635013719 a composite number?
False
Is 29102503 a composite number?
False
Is 1898295521 composite?
True
Is 62175702841 prime?
False
Is 9330763 composite?
True
Is 102509235533 a prime number?
False
Is 1878647959 prime?
True
Is 77674021 composite?
False
Is 1679102303 a composite number?
True
Is 5211125533 composite?
True
Is 189670123 a prime number?
True
Is 12788099651 a prime number?
True
Is 1414486081 a composite number?
False
Is 233626219 prime?
False
Is 207309956743 a composite number?
True
Is 1198063765 a composite number?
True
Is 123179225969 a prime number?
False
Is 86690801 a composite number?
False
Is 1399869001 a prime number?
True
Is 42625277 a prime number?
False
Is 624867833 composite?
False
Is 775130777 composite?
True
Is 1244388767 prime?
True
Is 5013078349 a composite number?
True
Is 28678600606 a composite number?
True
Is 3632340319 a prime number?
False
Is 10006853083 a composite number?
False
Is 566943373 a prime number?
True
Is 347858711 a prime number?
False
Is 766189619 a prime number?
False
Is 2185297211 a composite number?
False
Is 1216161571 prime?
False
Is 352116005 composite?
True
Is 685460821 a prime number?
True
Is 452822221 composite?
False
Is 1179446851 prime?
False
Is 4583916119 prime?
True
Is 7050468541 a prime number?
False
Is 124702969663 prime?
True
Is 191283343 composite?
False
Is 25604881919 composite?
False
Is 1685885471 a composite number?
False
Is 545674769 composite?
True
Is 3591469697 a composite number?
False
Is 14995432367 prime?
True
Is 639148787 a composite number?
True
Is 452826771 composite?
True
Is 828527033 a composite number?
False
Is 6809345303 a prime number?
True
Is 17020284133 composite?
False
Is 1137568381 prime?
False
Is 4609054097 prime?
True
Is 68249117 composite?
True
Is 12387127521 prime?
False
Is 10520522033 prime?
False
Is 61585235243 a prime number?
False
Is 1756952777 a prime number?
True
Is 913824473 prime?
False
Is 27737863427 composite?
False
Is 7378570003 a prime number?
False
Is 12178508581 prime?
True
Is 32525683799 a prime number?
False
Is 381689359 composite?
False
Is 5861228117 a prime number?
False
Is 5971778927 a prime number?
True
Is 464997986 a composite number?
True
Is 104142881 a prime number?
True
Is 107082612613 a composite number?
False
Is 28307441 a prime number?
True
Is 5104890755 a composite number?
True
Is 16185727553 a composite number?
False
Is 13230550741 a composite number?
False
Is 186185636377 composite?
True
Is 32278394977 composite?
False
Is 1629461 a prime number?
False
Is 2549092979 composite?
True
Is 821409101 a composite number?
False
Is 59958415343 a prime number?
False
Is 247433213 composite?
False
Is 18196586251 composite?
False
Is 7069565879 a prime number?
True
Is 1503797 composite?
True
Is 163217003 prime?
True
Is 22612996685 a composite number?
True
Is 2876211067 prime?
True
Is 89627443601 composite?
False
Is 3702750847 composite?
True
Is 1671417049 prime?
False
Is 3375997127 composite?
True
Is 31981535171 a composite number?
False
Is 12264041129 prime?
True
Is 1898061427 a composite number?
True
Is 125370035143 a composite number?
False
Is 18681851189 prime?
False
Is 42146145823 a composite number?
False
Is 107340264379 a prime number?
True
Is 336983107 composite?
True
Is 159870251 a composite number?
False
Is 16873121269 prime?
True
Is 19113114283 prime?
False
Is 5661698879 prime?
True
Is 354942197 prime?
False
Is 15877735907 a prime number?
False
Is 1084054151 a prime number?
True
Is 9009243977 a prime number?
False
Is 8627060987 composite?
False
Is 6023481209 prime?
False
Is 7160091797 composite?
True
Is 660271121 a composite number?
False
Is 542313763 a composite number?
False
Is 17162343103 a composite number?
False
Is 132243340093 a composite number?
True
Is 10354688153 prime?
False
Is 496671361 a composite number?
True
Is 1131996683 prime?
True
Is 814646351 prime?
True
Is 118396236953 composite?
True
Is 2023199879 a prime number?
True
Is 544978619 composite?
False
Is 46881595 composite?
True
Is 7097369543 prime?
False
Is 8904863069 a composite number?
False
Is 12167874473 a prime number?
True
Is 3073920609 a prime number?
False
Is 397050761 prime?
False
Is 4533335369 composite?
False
Is 59701513 composite?
True
Is 1205901071 composite?
True
Is 103792746667 a composite number?
False
Is 19602851473 a composite number?
True
Is 20912987701 prime?
False
Is 587244701 a prime number?
True
Is 10892622641 a prime number?
True
Is 929456773 a composite number?
True
Is 8871661 a prime number?
True
Is 758202677 a prime number?
True
Is 42250526293 a prime number?
False
Is 179121709 a prime number?
False
Is 208257778097 a composite number?
True
Is 40139257 a composite number?
True
Is 2632442587 prime?
False
Is 21544699277 a composite number?
True
Is 1313967233 composite?
True
Is 2081260043 composite?
True
Is 37068559433 a composite number?
False
Is 464808353 a composite number?
False
Is 9982648097 a prime number?
False
Is 189512889359 a composite number?
True
Is 1101943849 a composite number?
False
Is 623738981 a prime number?
True
Is 1058876647 prime?
True
Is 25306866779 prime?
True
Is 138244949 a prime number?
True
Is 263290117 a prime number?
False
Is 156712813 a prime number?
True
Is 4120873301 a composite number?
True
Is 263926279 prime?
False
Is 1559674013 prime?
True
Is 430957649 prime?
True
Is 26054949191 prime?
True
Is 1510710419 composite?
False
Is 3253014797 a prime number?
True
Is 42046895027 a composite number?
False
Is 151752371 a prime number?
True
Is 224301613 a composite number?
False
Is 1360457387 a composite number?
False
Is 11411365609 prime?
False
Is 1636386659 composite?
False
Is 